ose 5*c + 14 = 2*c - 5*y, 0 = -4*c + 2*y - 36. Let n(u) = -u**3 - 7*u**2 - 5*u - 7. Is n(c) a prime number?
True
Let u(t) = -t**3 + t**2 + 2*t - 2. Let x be u(-3). Suppose l + 1 - 15 = 4*o, 2*l - 4*o - x = 0. Is l a prime number?
False
Suppose 3*a = 4*a - 3*d - 11, -4*a + 5*d = -23. Let u be a - (1 - 0 - -3). Let i(w) = -41*w - 3. Is i(u) a prime number?
True
Let m be 2/(-1 + (-64)/(-62)). Suppose m + 118 = a. Let u = a + -123. Is u a composite number?
True
Let s = -270 - -939. Is s a composite number?
True
Is ((-631)/5)/((-3)/15) a prime number?
True
Let y(l) = -l**2 - 9*l - 5. Let j be y(-8). Let p = 34 + -11. Suppose 34 = j*d - p. Is d composite?
False
Suppose 0*k + 1082 = 2*k + d, 5*d - 1609 = -3*k. Is k prime?
False
Suppose -10*j + 10375 = 825. Is j prime?
False
Suppose 4*x = 2*a + 776, -2*x + 400 = 5*a - 0*a. Suppose l + 2*l = x. Is l composite?
True
Let k be 1072/(-12)*(-3)/2. Suppose -6*p = -4*p - k. Is p composite?
False
Let r(w) be the first derivative of w**4/4 - w**3 + w**2 - 7*w - 1. Is r(5) composite?
False
Suppose 0 = -4*a - 2 + 10, -i + 13 = -4*a. Is (-28)/(-4)*(i + 2) composite?
True
Suppose 5*u + 3*c = 556, 2*u + 4*c = 53 + 161. Is u composite?
False
Let m = -132 - -365. Is m prime?
True
Let n(r) = -16*r - 1. Let l be n(-2). Suppose -5*d + 2*m + l = 0, 3*d - 21 = 2*m - 4. Is d composite?
False
Let l = 40 - 25. Suppose l = -x + 168. Suppose 0 = 3*h - x - 0. Is h composite?
True
Let k = -10 - -47. Is k prime?
True
Let k(v) = v**3 - 5*v**2 - 5*v - 2. Let d be k(6). Suppose -45 = -d*x + 415. Is x a composite number?
True
Suppose -16 = 4*f + 4*q, f - 2*q - 2 = 6. Suppose -m + 3*h = -4*m + 6, m + 3*h = f. Suppose 0*s - 57 = -m*s. Is s prime?
True
Let q(h) = 2*h**2 - 2*h. Let p be q(-2). Let y = 6 + p. Suppose -a + y = 3. Is a prime?
False
Is -1 - 0 - -15*28 a composite number?
False
Suppose 0*i = 2*j - 2*i - 288, 3*i = j - 134. Is j prime?
True
Let c(r) = 2 + 3 + 19*r - 8 - 5*r. Let n(o) = -o + 7. Let m be n(5). Is c(m) composite?
True
Let l(m) = -10. Let s(p) = p - 50. Let g(y) = 11*l(y) - 2*s(y). Let c be g(-7). Suppose 2*b + 4*o = 16, 2*b - 4*b - 8 = -c*o. Is b composite?
False
Let h(i) = i**3 + 3*i**2 - 6*i - 6. Let l be h(-4). Is (-573)/(-27) - l/9 composite?
True
Let b = -6097 - -26108. Is b a prime number?
True
Suppose 27*o = 25*o + 1886. Is o a composite number?
True
Suppose 3*y + 2 + 1 = -2*a, 3*y - 6 = -5*a. Let f be 1/(2*y/(-12)). Suppose -p - f*p = -39. Is p a composite number?
False
Let r = 14210 + -5899. Is r composite?
False
Suppose -4*f = -270 - 86. Is f a composite number?
False
Let y = 5 + -3. Suppose -y*v + 168 = 64. Suppose 0 = -t - l + v, 37 = t - 0*t - 4*l. Is t composite?
True
Suppose 3*h = 537 + 441. Let c = -194 + h. Is 0 + 1 + c + 0 a prime number?
False
Suppose -3*k + 25 = 2*i + 2*i, -k = -3. Suppose i*b = -2*d - 99 + 577, -b - 5*d = -106. Suppose 0 = -5*u + 114 + b. Is u a prime number?
True
Let o be (-21)/(-15) + 4/(-10). Is 48 + -3 - -2*o a composite number?
False
Let h(p) be the third derivative of 5*p**4/24 - 7*p**3/6 + p**2. Suppose -a = 5*m - 21, -3*m + 2 = -4*a + 17. Is h(a) prime?
True
Suppose -4*c + 3*o + 174 = 5*o, 0 = 5*c - 5*o - 195. Suppose 4*x + 98 + c = 0. Let f = -20 - x. Is f a composite number?
True
Let h = 1020 + -594. Suppose -z - h = -3*z. Is z composite?
True
Suppose -7522 = -9*l + 7*l. Is l prime?
True
Let u(f) = -f**3 - 10*f**2 + 10*f + 4. Is u(-11) a prime number?
False
Suppose -2*p + 2*i + 3184 = -1872, -4*i = -12. Is p composite?
False
Let c = -90 - -149. Is c a prime number?
True
Suppose -5*t + 4*q = -2*t - 212, 0 = -4*q + 16. Suppose 203 - t = h. Is h composite?
False
Let x(i) = -4*i**2 + 11*i - 9. Let y(h) = -1. Let n(g) = -x(g) - 4*y(g). Is n(10) prime?
False
Suppose 2*m = -3 - 1. Is (m/(6/(-75)))/1 prime?
False
Suppose -6 = -p - p. Let z be (-2)/(-2)*(p + 3). Is 13*(1 + z*1) composite?
True
Let n(b) = 2*b. Let h be n(1). Let p = h + -2. Suppose p*m - 159 = -3*m. Is m a composite number?
False
Let f(c) = c - 1. Let w be (-4 - -1) + 1 + 6. Let v(p) = 5*p**2 - 12*p - 1. Let t(a) = w*f(a) + v(a). Is t(-6) a composite number?
False
Let w(x) be the third derivative of 7*x**5/60 + 7*x**4/24 + 5*x**3/6 + 4*x**2. Is w(-4) a prime number?
True
Let h(b) = -3*b**3 + 3*b**2 + 12*b - 28. Let v(f) = f**3 - f**2 - 4*f + 9. Let c(z) = -2*h(z) - 7*v(z). Is c(-5) prime?
False
Is (2 - -1)*(-3777)/(-9) prime?
True
Let b = 522 - -1189. Is b a prime number?
False
Suppose -254 = 2*p - 4*p. Is p composite?
False
Suppose 4*b - 1676 = -5*t + 2*t, -2*b + 852 = -2*t. Is b a composite number?
True
Is -2 - 1/((-2)/938) composite?
False
Suppose h = -y, -3*h + 6 = y - 2. Let t be (-18)/h*4/(-6). Suppose -j - t*z = -40, 3*z - 193 = -4*j + 2*z. Is j prime?
False
Let q(f) = -f**3 + 6*f**2 + 6*f + 7. Let c be q(7). Suppose 2*u - u - 9 = c. Is u a prime number?
False
Let x(w) be the first derivative of 5*w**3/3 + 5*w**2/2 + 3*w - 1. Is x(-3) composite?
True
Let r(k) = 146*k + 21. Is r(5) a composite number?
False
Let h be (1 + -3)*1/2. Let z(c) = c. Let v(s) = -28*s - 9. Let f(l) = h*v(l) - 6*z(l). Is f(7) prime?
True
Let p(o) = 3*o**2 + 19. Is p(12) prime?
False
Let o(d) = d**3 + 6*d**2 - 9*d - 10. Let i be o(-7). Suppose -s + 176 = i*n - 2*n, -5*n = 3*s - 439. Is n prime?
True
Let i = 7 - -6. Is i a prime number?
True
Let l be ((-2)/(-4))/((-2)/(-16)). Suppose 475 = l*v + v. Suppose -2*s + v = 3*s - 5*b, 62 = 2*s + 4*b. Is s a composite number?
False
Let x = -7 + 10. Suppose 0 = -x*a + 41 + 493. Is (a/(-6))/((-2)/6) a composite number?
False
Suppose 0 = p - 2, 2*p = -2*g + 32 + 226. Is g a prime number?
True
Let h(y) = -y**3 - 2*y**2 - 6*y + 8. Let f be h(-6). Suppose f = -2*g + 4*g + 3*q, -5*g - q = -483. Is g prime?
True
Let d be 117/(-12) - (-2)/(-8). Let o be (-123)/(-5) + (-4)/d. Let i = o - 11. Is i prime?
False
Suppose -7*y + 2*y + 5 = 0. Let g(r) = y - 2 + 38*r + 15*r. Is g(4) a composite number?
False
Let j = -2 - -6. Suppose t - 21 = j*k, 0 = 4*t - k - k - 140. Is t a composite number?
False
Suppose 4*f - 5 - 3 = 0. Suppose -12 = 4*c, -f*w = w + 4*c - 315. Is w a prime number?
True
Let z(j) = j**2 + 5*j. Let y be z(-5). Let x(p) = -p + 199. Is x(y) composite?
False
Let f(g) = g**2 + 8*g - 46. Is f(20) prime?
False
Suppose -4*r - 325 = -g + 294, -4*r = 5*g - 3167. Is g a prime number?
True
Suppose 3*s - 5*o = 2*s - 2, -3 = -3*o. Let r(c) = -7*c**2 + 1. Let d(j) = -20*j**2 + j + 3. Let b(g) = 6*d(g) - 17*r(g). Is b(s) composite?
True
Let z be (0 + 1)*(3 - 2). Let n be (102*-1)/(z/3). Is 4/(-14) + n/(-42) a prime number?
True
Suppose 4*k - 84 = -2*z, 2*k + 3*k - 4*z - 79 = 0. Is k a composite number?
False
Let j = 70 - 203. Suppose 3*z - 4*z - 4*w + 182 = 0, -932 = -5*z + 2*w. Let h = j + z. Is h prime?
True
Let b = -4 - -5. Let a = b + -30. Let h = -10 - a. Is h prime?
True
Suppose 120 = 3*o + c + 2*c, 3*o = 5*c + 112. Is o a prime number?
False
Suppose 3*t + 926 = 3389. Is t prime?
True
Let z be -25 + (0 - (-1)/1). Is (4/6)/(z/(-23076)) prime?
True
Suppose -2*d - g + 5*g + 236 = 0, 0 = -3*d + 3*g + 354. Suppose -2*s + d = -0*s. Is s composite?
False
Let r(g) = -17*g - 16. Let f be r(-16). Let j = 369 - f. Is j composite?
False
Suppose 287 = 2*x - 287. Is x a prime number?
False
Let c = -85 - -166. Let b = -50 + c. Is b a composite number?
False
Suppose 5*f = -s + 30, s + f - 3*f - 37 = 0. Is s a composite number?
True
Let a = -157 - -107. Let h = 77 - a. Is h prime?
True
Let r = 17 - 7. Is r composite?
True
Suppose -36 = 4*x - 5*b, 5*x + b + 4*b + 45 = 0. Let p(i) = i**3 + 10*i**2 + 6*i + 10. Is p(x) a prime number?
True
Let j(t) = 3*t**2 + 13*t - 15. Is j(11) composite?
False
Suppose -12*q = -14*q + 1366. Is q a prime number?
True
Let j(u) = -3*u**3 + 4*u + 8*u**2 + 2*u**3 - 3*u**2 + 1. Let t be j(-4). Suppose -4*n + t = 29. Is n composite?
True
Let b = -16 - -22. Let s(i) = 4*i**2 - 9*i + 1. Is s(b) a prime number?
False
Let x(o) = 43*o**2 + 21*o - 23. Is x(10) composite?
True
Let o(w) = w - 2. Let d be o(6). Suppose 15 = -2*c - 3*c. Is d*c*11/(-6) prime?
False
Suppose 4*j - 110 = -2*p, -3*p - 2 + 140 = -3*j. Is p a composite number?
True
Let a = 9 - 5. Suppose 0 = -a*i + i. Is 13*-1*(i + -3) prime?
False
Let o be 15 + 0 + 0 + -1. Let h(w) = w - 19. Let b be h(-10). Let m = o - b. Is m a prim